r when 826147 is divided by 51619.
243
Calculate the remainder when 31502518 is divided by 926.
924
What is the remainder when 5523563 is divided by 274?
271
Calculate the remainder when 1592124 is divided by 796031.
62
What is the remainder when 3361375 is divided by 4741?
6
What is the remainder when 109683 is divided by 54817?
49
Calculate the remainder when 1410941 is divided by 2506.
63
What is the remainder when 1425518 is divided by 687?
680
Calculate the remainder when 1563813 is divided by 725.
713
What is the remainder when 858288 is divided by 11?
2
What is the remainder when 4218736 is divided by 602674?
18
What is the remainder when 6269 is divided by 5972?
297
Calculate the remainder when 2805864 is divided by 350720.
104
What is the remainder when 25510 is divided by 23617?
1893
Calculate the remainder when 13517406 is divided by 228.
198
Calculate the remainder when 130279205 is divided by 316.
305
What is the remainder when 103481 is divided by 103436?
45
Calculate the remainder when 2956359 is divided by 3231.
3225
What is the remainder when 43195107 is divided by 70?
67
Calculate the remainder when 6332704 is divided by 1266538.
14
What is the remainder when 327950 is divided by 689?
675
What is the remainder when 4459751 is divided by 54?
53
What is the remainder when 2985318 is divided by 995104?
6
Calculate the remainder when 579473 is divided by 3712.
401
Calculate the remainder when 495745871 is divided by 1613.
1612
Calculate the remainder when 77835965 is divided by 11.
9
Calculate the remainder when 243430221 is divided by 86.
83
Calculate the remainder when 214951 is divided by 80.
71
What is the remainder when 99121 is divided by 2541?
22
Calculate the remainder when 204456673 is divided by 178.
177
Calculate the remainder when 713762 is divided by 1059.
1055
Calculate the remainder when 2692749 is divided by 401.
34
What is the remainder when 47022 is divided by 2350?
22
What is the remainder when 166455 is divided by 82128?
2199
Calculate the remainder when 49969506 is divided by 13819.
2
What is the remainder when 75245834 is divided by 2133?
2126
Calculate the remainder when 130795 is divided by 349.
269
Calculate the remainder when 300123 is divided by 1493.
30
What is the remainder when 4842437 is divided by 2783?
17
What is the remainder when 385714 is divided by 29661?
121
Calculate the remainder when 997546 is divided by 142427.
557
Calculate the remainder when 16028298 is divided by 2003537.
2
Calculate the remainder when 4286171 is divided by 192.
155
What is the remainder when 1285615 is divided by 122?
101
What is the remainder when 322037 is divided by 321981?
56
Calculate the remainder when 1326864 is divided by 7668.
300
What is the remainder when 1437828 is divided by 13071?
18
Calculate the remainder when 67274 is divided by 66425.
849
Calculate the remainder when 64264 is divided by 459.
4
Calculate the remainder when 699510 is divided by 6662.
0
What is the remainder when 3267487 is divided by 48767?
98
What is the remainder when 602047 is divided by 2880?
127
What is the remainder when 215826412 is divided by 491?
488
What is the remainder when 162172 is divided by 27007?
130
Calculate the remainder when 70161 is divided by 320.
81
What is the remainder when 719999 is divided by 359946?
107
What is the remainder when 6208782 is divided by 58?
56
What is the remainder when 117563 is divided by 117405?
158
What is the remainder when 506037 is divided by 56174?
471
Calculate the remainder when 148813 is divided by 4017.
184
Calculate the remainder when 858251 is divided by 937.
896
What is the remainder when 272527 is divided by 54497?
42
Calculate the remainder when 191 is divided by 7.
2
Calculate the remainder when 261557038 is divided by 123.
121
What is the remainder when 7548 is divided by 955?
863
Calculate the remainder when 249752 is divided by 31211.
64
Calculate the remainder when 6611229 is divided by 1147.
1068
Calculate the remainder when 45897760 is divided by 115.
110
Calculate the remainder when 28190 is divided by 13750.
690
Calculate the remainder when 33109 is divided by 408.
61
Calculate the remainder when 42954 is divided by 3491.
1062
What is the remainder when 6251596 is divided by 568325?
21
Calculate the remainder when 24922491 is divided by 17.
15
What is the remainder when 86327 is divided by 3642?
2561
Calculate the remainder when 200591981 is divided by 1073.
1069
Calculate the remainder when 1661633 is divided by 68.
53
What is the remainder when 15584542 is divided by 40?
22
Calculate the remainder when 455510 is divided by 1615.
80
What is the remainder when 16334197 is divided by 20116?
5
What is the remainder when 2603671 is divided by 337?
9
Calculate the remainder when 484040266 is divided by 2844.
2842
Calculate the remainder when 23619 is divided by 20176.
3443
Calculate the remainder when 10935 is divided by 1987.
1000
Calculate the remainder when 43732599 is divided by 459.
456
What is the remainder when 2448955 is divided by 708?
691
Calculate the remainder when 2119248 is divided by 1578.
1572
Calculate the remainder when 3247572 is divided by 817.
814
What is the remainder when 15859358 is divided by 5286451?
5
Calculate the remainder when 14357 is divided by 2380.
77
Calculate the remainder when 360022 is divided by 513.
409
What is the remainder when 6078420 is divided by 243136?
20
Calculate the remainder when 3954162 is divided by 313.
33
Calculate the remainder when 210693492 is divided by 21.
9
What is the remainder when 898396 is divided by 12?
4
Calculate the remainder when 19580 is divided by 3230.
200
What is the remainder when 25133884 is divided by 12?
4
Calculate the remainder when 37231150 is divided by 33.
22
What is the remainder when 4229574 is divided by 176231?
30
What is the remainder when 4946546 is divided by 105?
101
Calculate the remainder when 116256 is divided by 8925.
231
Calculate the remainder when 8843170 is divided by 21411.
427
Calculate the remainder when 29276 is divided by 3236.
152
What is the remainder when 331144287 is divided by 1290?
1287
Calculate the remainder when 53537 is divided by 6605.
697
Calculate the remainder when 164350 is divided by 41070.
70
Calculate the remainder when 5418274 is divided by 1354567.
6
Calculate the remainder when 5811607 is divided by 200398.
65
Calculate the remainder when 926010 is divided by 14.
8
Calculate the remainder when 302410471 is divided by 2097.
4
What is the remainder when 7831410 is divided by 602?
594
What is the remainder when 2184952 is divided by 492?
472
What is the remainder when 279955 is divided by 1620?
1315
What is the remainder when 206533 is divided by 25669?
1181
What is the remainder when 1165603 is divided by 88?
43
What is the remainder when 4348465 is divided by 375?
340
What is the remainder when 49924611 is divided by 9984915?
36
What is the remainder when 26973 is divided by 9?
0
What is the remainder when 2580458 is divided by 87?
38
Calculate the remainder when 8911 is divided by 1111.
23
What is the remainder when 538022 is divided by 375?
272
Calculate the remainder when 2305959 is divided by 364.
19
Calculate the remainder when 4023893 is divided by 306.
299
What is the remainder when 206315 is divided by 3376?
379
What is the remainder when 11651790 is divided by 1418?
84
Calculate the remainder when 33806 is divided by 33572.
234
What is the remainder when 548234 is divided by 274112?
10
Calculate the remainder when 10130531 is divided by 135.
131
What is the remainder when 73677 is divided by 3241?
2375
Calculate the remainder when 1087217 is divided by 217439.
22
What is the remainder when 1053094 is divided by 210600?
94
Calculate the remainder when 4843178 is divided by 200.
178
Calculate the remainder when 1002455 is divided by 906.
419
Calculate the remainder when 295001 is divided by 21024.
665
What is the remainder when 3116 is divided by 3106?
10
What is the remainder when 6010640 is divided by 39?
38
What is the remainder when 4869745 is divided by 3225?
3220
What is the remainder when 5589967 is divided by 33?
31
Calculate the remainder when 1220251535 is divided by 42.
41
Calculate the remainder when 9157110 is divided by 412